mon factor of 14 and 518?
14
Calculate the highest common factor of 27 and 1107.
27
What is the highest common factor of 2104 and 8?
8
Calculate the greatest common factor of 14 and 322.
14
Calculate the highest common factor of 616 and 14.
14
What is the highest common divisor of 2096 and 16?
16
What is the highest common divisor of 477 and 81?
9
What is the greatest common divisor of 2992 and 204?
68
What is the greatest common factor of 5040 and 28?
28
Calculate the greatest common factor of 1239 and 273.
21
Calculate the greatest common divisor of 200 and 90.
10
Calculate the greatest common factor of 408 and 646.
34
What is the highest common factor of 319 and 11?
11
What is the greatest common divisor of 289 and 68?
17
Calculate the greatest common divisor of 781 and 22.
11
Calculate the greatest common divisor of 159 and 3.
3
Calculate the highest common divisor of 1442 and 126.
14
What is the greatest common factor of 58 and 928?
58
Calculate the greatest common divisor of 3087 and 9.
9
Calculate the greatest common factor of 25 and 450.
25
Calculate the greatest common divisor of 4014 and 9143.
223
Calculate the highest common divisor of 195 and 5811.
39
Calculate the greatest common factor of 2369 and 184.
23
What is the highest common factor of 170 and 136?
34
Calculate the highest common divisor of 88 and 22.
22
Calculate the greatest common divisor of 30 and 220.
10
Calculate the greatest common factor of 16324 and 308.
308
What is the greatest common factor of 68 and 1819?
17
What is the greatest common factor of 115 and 20?
5
Calculate the highest common factor of 1750 and 105.
35
Calculate the greatest common divisor of 22 and 28.
2
What is the greatest common divisor of 9 and 117?
9
Calculate the greatest common factor of 40 and 1620.
20
What is the highest common divisor of 10467 and 45?
9
Calculate the highest common factor of 72 and 16.
8
What is the greatest common divisor of 191 and 1?
1
What is the greatest common divisor of 114 and 3572?
38
Calculate the highest common divisor of 6 and 12.
6
What is the highest common factor of 6 and 8202?
6
Calculate the greatest common factor of 238 and 658.
14
Calculate the greatest common factor of 34 and 578.
34
What is the highest common divisor of 74 and 2368?
74
Calculate the greatest common divisor of 34 and 289.
17
Calculate the highest common divisor of 8 and 3656.
8
Calculate the highest common divisor of 3 and 961.
1
Calculate the greatest common divisor of 1513 and 17.
17
What is the highest common factor of 40 and 1380?
20
Calculate the greatest common divisor of 816 and 2397.
51
What is the highest common divisor of 183 and 1525?
61
What is the greatest common divisor of 16 and 148?
4
Calculate the greatest common divisor of 30 and 13695.
15
Calculate the greatest common divisor of 10 and 310.
10
Calculate the highest common factor of 157 and 72691.
157
Calculate the highest common divisor of 375 and 165.
15
What is the highest common divisor of 10 and 540?
10
Calculate the highest common factor of 280 and 120.
40
What is the highest common divisor of 22 and 44?
22
What is the greatest common divisor of 2632 and 14?
14
Calculate the highest common factor of 33 and 330.
33
Calculate the highest common divisor of 186 and 1953.
93
Calculate the greatest common factor of 40 and 1460.
20
What is the highest common factor of 2600 and 910?
130
What is the highest common factor of 30 and 9360?
30
What is the highest common factor of 112 and 72?
8
What is the greatest common factor of 140 and 1365?
35
What is the highest common divisor of 812 and 464?
116
What is the greatest common factor of 920 and 360?
40
Calculate the greatest common divisor of 110 and 44.
22
Calculate the highest common factor of 5968 and 368.
16
Calculate the greatest common divisor of 16 and 7376.
16
What is the greatest common divisor of 1960 and 455?
35
Calculate the highest common divisor of 339 and 102717.
339
Calculate the greatest common factor of 150 and 225.
75
What is the highest common divisor of 3240 and 40?
40
What is the highest common divisor of 325 and 25?
25
What is the highest common factor of 10 and 65?
5
What is the greatest common factor of 102 and 2091?
51
What is the greatest common factor of 12 and 219?
3
Calculate the highest common factor of 198 and 1111.
11
What is the highest common factor of 48 and 9624?
24
What is the greatest common factor of 10027 and 74?
37
What is the highest common factor of 30 and 30?
30
Calculate the highest common factor of 752 and 1457.
47
What is the highest common divisor of 4718 and 14?
14
Calculate the greatest common factor of 228 and 2532.
12
What is the greatest common divisor of 15 and 1155?
15
Calculate the highest common factor of 4069 and 39.
13
What is the greatest common factor of 27 and 1512?
27
What is the highest common divisor of 858 and 390?
78
Calculate the highest common factor of 80 and 112.
16
What is the highest common factor of 200 and 10600?
200
What is the highest common divisor of 290 and 1189?
29
Calculate the greatest common factor of 26 and 1664.
26
What is the greatest common factor of 21 and 35?
7
What is the highest common divisor of 117 and 1899?
9
What is the highest common divisor of 68 and 1052?
4
What is the greatest common factor of 40 and 540?
20
What is the greatest common divisor of 195 and 1040?
65
What is the highest common divisor of 56 and 252?
28
What is the highest common divisor of 1 and 2380?
1
What is the highest common divisor of 69 and 46?
23
Calculate the greatest common divisor of 170 and 595.
85
What is the greatest common factor of 1725 and 375?
75
Calculate the highest common factor of 275 and 50.
25
Calculate the greatest common divisor of 72 and 408.
24
What is the greatest common divisor of 53 and 12349?
53
Calculate the greatest common factor of 154 and 110.
22
Calculate the highest common factor of 495 and 9.
9
What is the greatest common divisor of 312 and 1164?
12
Calculate the greatest common divisor of 15528 and 4.
4
Calculate the greatest common divisor of 12 and 3932.
4
What is the highest common divisor of 102 and 5916?
102
What is the greatest common factor of 944 and 1136?
16
Calculate the greatest common factor of 465 and 279.
93
Calculate the highest common factor of 26 and 8489.
13
What is the greatest common factor of 115 and 46?
23
Calculate the greatest common divisor of 375 and 1375.
125
Calculate the highest common divisor of 58 and 88.
2
What is the highest common divisor of 72 and 234?
18
Calculate the highest common factor of 46 and 1334.
46
Calculate the highest common divisor of 315 and 279.
9
What is the greatest common divisor of 112 and 21?
7
Calculate the highest common divisor of 1379 and 84.
7
Calculate the highest common factor of 2244 and 876.
12
Calculate the greatest common divisor of 1288 and 56.
56
What is the highest common divisor of 111 and 481?
37
Calculate the highest common factor of 19 and 760.
19
Calculate the highest common divisor of 24 and 64.
8
What is the highest common factor of 35124 and 24?
12
What is the greatest common factor of 330 and 360?
30
Calculate the highest common factor of 3575 and 26.
13
Calculate the highest common divisor of 190 and 3230.
190
Calculate the greatest common divisor of 49 and 133.
7
What is the highest common factor of 3577 and 147?
49
Calculate the highest common factor of 18 and 38034.
18
What is the greatest common divisor of 90 and 2070?
90
What is the greatest common divisor of 243 and 9?
9
What is the highest common factor of 98 and 4410?
98
What is the highest common factor of 420 and 546?
42
Calculate the greatest common factor of 18 and 582.
6
Calculate the greatest common factor of 15750 and 1225.
175
Calculate the greatest common divisor of 17873 and 586.
293
Calculate the greatest common divisor of 1305 and 315.
45
Calculate the highest common divisor of 326 and 22657.
163
What is the greatest common factor of 8 and 136?
8
Calculate the highest common divisor of 118 and 2.
2
Calculate the highest common factor of 442 and 130.
26
Calculate the greatest common factor of 20 and 970.
10
Calculate the highest common divisor of 13 and 125008.
13
What is the highest common divisor of 328 and 246?
82
Cal